{"id":152,"date":"2016-10-18T18:42:02","date_gmt":"2016-10-18T17:42:02","guid":{"rendered":"http:\/\/theme-stall.com\/edupress\/demos\/?page_id=152"},"modified":"2023-11-27T12:59:39","modified_gmt":"2023-11-27T17:59:39","slug":"home","status":"publish","type":"page","link":"https:\/\/aulaandina.com\/","title":{"rendered":"Home"},"content":{"rendered":"<div id=\"pl-152\"  class=\"panel-layout\" ><div id=\"pg-152-0\"  class=\"panel-grid panel-has-style\" ><div class=\"siteorigin-panels-stretch panel-row-style panel-row-style-for-152-0\" data-stretch-type=\"full\" ><div id=\"pgc-152-0-0\"  class=\"panel-grid-cell\" ><div id=\"panel-152-0-0-0\" class=\"so-panel widget widget_edupress edupress panel-first-child panel-last-child\" data-index=\"0\" ><div class=\"panel-widget-style panel-widget-style-for-152-0-0-0\" ><div class=\"textwidget\"><h4 class=\"ts-heading ts-heading-style-2 ts-heading-align-left\" style=\"margin-top:20px; margin-bottom:0px; font-size: 38px; text-transform: capitalize; color: #ffffff; letter-spacing: 0px; \"><span class=\"ts-heading-inner\">Aula Andina <div class=\"ts-spacer\" style=\"height:10px\"><\/div>Educar para conservar<\/span><\/h4><h6 class=\"ts-heading ts-heading-style-2 ts-heading-align-left\" style=\"margin-top:20px; margin-bottom:40px; font-size: 15px; text-transform: ; color: #ffffff; letter-spacing: 0px; \"><span class=\"ts-heading-inner\">\nAula Andina es una consultora educativa que tiene como objetivo apoyar la labor incansable de los docentes y la comunidad educativa. A trav\u00e9s de capacitaciones, talleres, acompa\u00f1amiento y material did\u00e1ctico buscamos innovar y enriquecer el trabajo que nuestros profesores realizan. \n<\/span><\/h6><a href=\"#servicios\" data-hoverback=\"#c0392b\" data-currentbg=\"rgba(231,76,60, 1)\" data-currentbor=\"#e74c3c\" data-currentcolor=\"#ffffff\" data-hovercolor=\"#ffffff\" class=\"ts-button ts-button-style-standard\" style=\"color:#ffffff;background:rgba(231,76,60, 1);border-color:#e74c3c;border-radius:0px;-moz-border-radius:0px;-webkit-border-radius:0px\" target=\"_self\"><span style=\"padding:0px 18px;font-size:14px;line-height:44px;border-color:#e74c3c;border-radius:0px;-moz-border-radius:0px;-webkit-border-radius:0px;text-shadow:none;-moz-text-shadow:none;-webkit-text-shadow:none\">Nuestros servicios <\/span><\/a><\/div><\/div><\/div><\/div><div id=\"pgc-152-0-1\"  class=\"panel-grid-cell\" ><div id=\"panel-152-0-1-0\" class=\"so-panel widget widget_edupress edupress panel-first-child panel-last-child\" data-index=\"1\" ><div class=\"panel-widget-style panel-widget-style-for-152-0-1-0\" ><div class=\"textwidget\"><h4 class=\"ts-heading ts-heading-style-2 ts-heading-align-left\" style=\"margin-top:20px; margin-bottom:0px; font-size: 20px; text-transform: capitalize; color: #ffffff; letter-spacing: 0px; \"><span class=\"ts-heading-inner\">\u201cEducation is the most powerful weapon which you can use to change the world\u201d<\/span><\/h4>\nNelson Mandela \n<\/div><\/div><\/div><\/div><\/div><\/div><div id=\"pg-152-1\"  class=\"panel-grid panel-has-style\" ><div id=\"servicios\" class=\"panel-row-style panel-row-style-for-152-1\" ><div id=\"pgc-152-1-0\"  class=\"panel-grid-cell\" ><div id=\"panel-152-1-0-0\" class=\"so-panel widget widget_edupress edupress panel-first-child panel-last-child\" data-index=\"2\" ><div class=\"textwidget\"><div class=\"ts-spacer\" style=\"height:50px\"><\/div><div class=\"big-title text-left\">\r\n                    <h2 style=\"font-size: 21px; color: #27293d; text-transform: uppercase; font-weight: normal\">Nuestros servicios\r\n\t\t\t\t\t\r\n\t\t\t\t\t<\/h2><span data-bordercolor=\"#ecf0f1\" class=\"customhr customhrcenter\" style=\"color: #27293d;\"><span class=\"bottom-circle\" style=\"background:#ecf0f1;\"><\/span><\/span><p class=\"lead\" style=\"color: #27293d;\"><\/p>\r\n                <\/div><\/div><\/div><\/div><\/div><\/div><div id=\"pg-152-2\"  class=\"panel-grid panel-has-style\" ><div id=\"servicios\" class=\"panel-row-style panel-row-style-for-152-2\" ><div id=\"pgc-152-2-0\"  class=\"panel-grid-cell\" ><div id=\"panel-152-2-0-0\" class=\"so-panel widget widget_edupress edupress panel-first-child panel-last-child\" data-index=\"3\" ><div class=\"textwidget\"><div class=\"service-list\" style=\"background:#ffffff;\">\r\n\t\t\t\t\t<div class=\"service-box wow fadeIn\" data-wow-duration=\"1s\" data-wow-delay=\"0.2s\">\r\n\t\t\t\t\t\t<div class=\"widget clearfix\"><div class=\"icon-container\"><img src=\"http:\/\/theme-stall.com\/edupress\/demos\/wp-content\/uploads\/2016\/10\/icon_01.png\" width=\"65\" height=\"65\" alt=\"Recursos educativos \" class=\"img-responsive\" \/><\/div>\r\n\t\t\t\t\t\t<div class=\"widget-title\"><h3 style=\"color: #27293d;\">Recursos educativos <\/h3>\r\n\t\t\t\t\t\t<hr>\r\n\t\t\t\t\t\t<\/div>\r\n\t\t\t\t\t\t<p>Descarga de manera gratuita actividades y recursos que puedes utilizar en tu aula de clase.<\/p>\r\n\t\t\t\t\t\t<\/div>\r\n\t\t\t\t\t<\/div>\r\n\t\t\t\t<\/div><\/div><\/div><\/div><div id=\"pgc-152-2-1\"  class=\"panel-grid-cell\" ><div id=\"panel-152-2-1-0\" class=\"so-panel widget widget_edupress edupress panel-first-child panel-last-child\" data-index=\"4\" ><div class=\"textwidget\"><div class=\"service-list\" style=\"background:#ffffff;\">\r\n\t\t\t\t\t<div class=\"service-box wow fadeIn\" data-wow-duration=\"1s\" data-wow-delay=\"0.2s\">\r\n\t\t\t\t\t\t<div class=\"widget clearfix\"><div class=\"icon-container\"><img src=\"http:\/\/theme-stall.com\/edupress\/demos\/wp-content\/uploads\/2016\/10\/icon_03.png\" width=\"65\" height=\"65\" alt=\"Capacitaciones\" class=\"img-responsive\" \/><\/div>\r\n\t\t\t\t\t\t<div class=\"widget-title\"><h3 style=\"color: #27293d;\">Capacitaciones<\/h3>\r\n\t\t\t\t\t\t<hr>\r\n\t\t\t\t\t\t<\/div>\r\n\t\t\t\t\t\t<p>Dirigimos talleres presenciales y virtuales para docentes de manera grupal o individual.\n<\/p>\r\n\t\t\t\t\t\t<\/div>\r\n\t\t\t\t\t<\/div>\r\n\t\t\t\t<\/div><\/div><\/div><\/div><div id=\"pgc-152-2-2\"  class=\"panel-grid-cell\" ><div id=\"panel-152-2-2-0\" class=\"so-panel widget widget_edupress edupress panel-first-child panel-last-child\" data-index=\"5\" ><div class=\"textwidget\"><div class=\"service-list\" style=\"background:#ffffff;\">\r\n\t\t\t\t\t<div class=\"service-box wow fadeIn\" data-wow-duration=\"1s\" data-wow-delay=\"0.2s\">\r\n\t\t\t\t\t\t<div class=\"widget clearfix\"><div class=\"icon-container\"><img src=\"http:\/\/theme-stall.com\/edupress\/demos\/wp-content\/uploads\/2016\/10\/icon_04.png\" width=\"65\" height=\"65\" alt=\"Coaching\" class=\"img-responsive\" \/><\/div>\r\n\t\t\t\t\t\t<div class=\"widget-title\"><h3 style=\"color: #27293d;\">Coaching<\/h3>\r\n\t\t\t\t\t\t<hr>\r\n\t\t\t\t\t\t<\/div>\r\n\t\t\t\t\t\t<p>Proveemos acompa\u00f1amiento pedag\u00f3gico a docentes en diferentes partes del pa\u00eds, de manera presencial o virtual. Cu\u00e9ntanos tus necesidades y te dise\u00f1amos un plan a tu medida.<\/p>\r\n\t\t\t\t\t\t<\/div>\r\n\t\t\t\t\t<\/div>\r\n\t\t\t\t<\/div><\/div><\/div><\/div><\/div><\/div><div id=\"pg-152-3\"  class=\"panel-grid panel-has-style\" ><div class=\"siteorigin-panels-stretch panel-row-style panel-row-style-for-152-3\" data-stretch-type=\"full\" ><div id=\"pgc-152-3-0\"  class=\"panel-grid-cell\" ><div id=\"panel-152-3-0-0\" class=\"so-panel widget widget_edupress edupress panel-first-child\" data-index=\"6\" ><div class=\"textwidget\"><div class=\"big-title text-left\">\r\n                    <h2 style=\"font-size: 21px; color: #27293d; text-transform: uppercase; font-weight: normal\">Principios de Aula Andina\r\n\t\t\t\t\t\r\n\t\t\t\t\t<\/h2><span data-bordercolor=\"#ecf0f1\" class=\"customhr customhrcenter\" style=\"color: #27293d;\"><span class=\"bottom-circle\" style=\"background:#ecf0f1;\"><\/span><\/span><p class=\"lead\" style=\"color: #27293d;\"><\/p>\r\n                <\/div><\/div><\/div><div id=\"panel-152-3-0-1\" class=\"so-panel widget widget_edupress edupress panel-last-child\" data-index=\"7\" ><div class=\"textwidget\"><div class=\"ts-column ts-column-size-1-2\"><div class=\"ts-column-inner ts-clearfix\">\n<div class=\"ts-list ts-list-style-\"><ul>\n<li><i class=\"fa fa-circle-o\" style=\"color:#e74c3c\"><\/i> Trabajo colaborativo <\/li>\n<li><i class=\"fa fa-circle-o\" style=\"color:#e74c3c\"><\/i> Educaci\u00f3n contextualizada <\/li>\n<li><i class=\"fa fa-circle-o\" style=\"color:#e74c3c\"><\/i> Capacitaci\u00f3n estrat\u00e9gica y continua <\/li>\n<li><i class=\"fa fa-circle-o\" style=\"color:#e74c3c\"><\/i> Aprendizaje fuera del aula<\/li>\n<\/ul><\/div><\/div><\/div>\n<div class=\"ts-spacer\" style=\"height:30px\"><\/div>\n<a href=\"index.php\/about\" data-hoverback=\"#c0392b\" data-currentbg=\"rgba(231,76,60, 1)\" data-currentbor=\"#e74c3c\" data-currentcolor=\"#ffffff\" data-hovercolor=\"#ffffff\" class=\"ts-button ts-button-style-standard\" style=\"color:#ffffff;background:rgba(231,76,60, 1);border-color:#e74c3c;border-radius:0px;-moz-border-radius:0px;-webkit-border-radius:0px\" target=\"_self\"><span style=\"padding:0px 20px;font-size:16px;line-height:44px;border-color:#e74c3c;border-radius:0px;-moz-border-radius:0px;-webkit-border-radius:0px;text-shadow:none;-moz-text-shadow:none;-webkit-text-shadow:none\">Sobre nosotros <\/span><\/a>\n<\/div><\/div><\/div><div id=\"pgc-152-3-1\"  class=\"panel-grid-cell\" ><div class=\"panel-cell-style panel-cell-style-for-152-3-1\" ><div id=\"panel-152-3-1-0\" class=\"so-panel widget widget_edupress edupress panel-first-child panel-last-child\" data-index=\"8\" ><div class=\"backgroundPersonalizado panel-widget-style panel-widget-style-for-152-3-1-0\" ><div class=\"textwidget\"><div class=\"macbook-wrap hidden-sm hidden-xs wow slideInRight\" style=\"height: 540px;width: 916px;background: url(http:\/\/aulaandina.com\/wp-content\/uploads\/2023\/11\/Landing-scaled.jpg) no-repeat scroll center center;left: 55%;top: 30px;\"><\/div><\/div><\/div><\/div><\/div><\/div><\/div><\/div><\/div>","protected":false},"excerpt":{"rendered":"<p>Aula Andina Educar para conservar Aula Andina es una consultora educativa que tiene como objetivo apoyar la labor incansable de<a class=\"read-more\" href=\"https:\/\/aulaandina.com\/\">&#8230;<\/a><\/p>\n","protected":false},"author":1,"featured_media":0,"parent":0,"menu_order":0,"comment_status":"closed","ping_status":"closed","template":"page-templates\/home-page.php","meta":{"_bbp_topic_count":0,"_bbp_reply_count":0,"_bbp_total_topic_count":0,"_bbp_total_reply_count":0,"_bbp_voice_count":0,"_bbp_anonymous_reply_count":0,"_bbp_topic_count_hidden":0,"_bbp_reply_count_hidden":0,"_bbp_forum_subforum_count":0},"_links":{"self":[{"href":"https:\/\/aulaandina.com\/index.php\/wp-json\/wp\/v2\/pages\/152"}],"collection":[{"href":"https:\/\/aulaandina.com\/index.php\/wp-json\/wp\/v2\/pages"}],"about":[{"href":"https:\/\/aulaandina.com\/index.php\/wp-json\/wp\/v2\/types\/page"}],"author":[{"embeddable":true,"href":"https:\/\/aulaandina.com\/index.php\/wp-json\/wp\/v2\/users\/1"}],"replies":[{"embeddable":true,"href":"https:\/\/aulaandina.com\/index.php\/wp-json\/wp\/v2\/comments?post=152"}],"version-history":[{"count":91,"href":"https:\/\/aulaandina.com\/index.php\/wp-json\/wp\/v2\/pages\/152\/revisions"}],"predecessor-version":[{"id":15354,"href":"https:\/\/aulaandina.com\/index.php\/wp-json\/wp\/v2\/pages\/152\/revisions\/15354"}],"wp:attachment":[{"href":"https:\/\/aulaandina.com\/index.php\/wp-json\/wp\/v2\/media?parent=152"}],"curies":[{"name":"wp","href":"https:\/\/api.w.org\/{rel}","templated":true}]}}